s the highest common factor of 232 and 83752?
232
Calculate the highest common divisor of 244 and 20.
4
Calculate the highest common factor of 198 and 5472.
18
What is the highest common factor of 36 and 4?
4
Calculate the highest common divisor of 6 and 6.
6
Calculate the greatest common factor of 1452 and 36.
12
What is the highest common divisor of 266 and 190?
38
What is the highest common factor of 1 and 151?
1
Calculate the greatest common divisor of 1209 and 39.
39
What is the greatest common divisor of 3025 and 10?
5
What is the highest common factor of 52 and 104?
52
What is the highest common factor of 1952 and 24?
8
What is the highest common factor of 171 and 72?
9
Calculate the greatest common divisor of 2 and 2122.
2
Calculate the greatest common divisor of 105 and 30765.
105
Calculate the greatest common divisor of 578 and 10693.
289
What is the highest common divisor of 33 and 8844?
33
What is the greatest common factor of 44 and 28?
4
Calculate the highest common factor of 27 and 201.
3
What is the highest common factor of 6880 and 160?
160
What is the greatest common divisor of 37235 and 11?
11
Calculate the greatest common factor of 1843 and 19.
19
Calculate the highest common factor of 59 and 767.
59
What is the highest common factor of 754 and 26?
26
Calculate the highest common factor of 42 and 5.
1
What is the greatest common divisor of 4 and 326?
2
Calculate the highest common divisor of 728 and 644.
28
What is the highest common divisor of 4193 and 63?
7
Calculate the greatest common factor of 35 and 385.
35
What is the highest common factor of 6 and 1488?
6
Calculate the highest common divisor of 196 and 2401.
49
Calculate the highest common divisor of 12 and 2.
2
What is the greatest common divisor of 67 and 67?
67
Calculate the highest common factor of 544 and 17.
17
Calculate the greatest common factor of 14 and 994.
14
What is the greatest common factor of 308 and 140?
28
What is the highest common divisor of 76 and 209?
19
What is the highest common divisor of 2500 and 20?
20
What is the greatest common factor of 22 and 1232?
22
What is the greatest common divisor of 8996 and 52?
52
What is the highest common factor of 136 and 6137?
17
Calculate the greatest common factor of 187 and 88.
11
What is the highest common factor of 714 and 28?
14
What is the greatest common factor of 35 and 15155?
35
What is the highest common divisor of 288 and 252?
36
Calculate the greatest common divisor of 30 and 15.
15
Calculate the highest common divisor of 1904 and 14.
14
Calculate the greatest common divisor of 23810 and 20.
10
What is the highest common factor of 18 and 44478?
18
Calculate the highest common divisor of 125 and 5125.
125
Calculate the highest common divisor of 68 and 4.
4
Calculate the greatest common factor of 3 and 39.
3
Calculate the greatest common divisor of 64350 and 780.
390
Calculate the greatest common divisor of 9615 and 45.
15
Calculate the highest common divisor of 169 and 143.
13
Calculate the highest common factor of 693 and 126.
63
Calculate the greatest common divisor of 1791 and 9.
9
What is the highest common factor of 40 and 780?
20
Calculate the highest common divisor of 508 and 8763.
127
What is the greatest common factor of 15 and 13605?
15
What is the highest common factor of 476 and 70?
14
What is the greatest common factor of 52 and 598?
26
What is the highest common factor of 23 and 667?
23
What is the greatest common factor of 148 and 1739?
37
What is the greatest common divisor of 513 and 27?
27
Calculate the highest common divisor of 7650 and 17.
17
What is the highest common factor of 23448 and 4?
4
What is the highest common factor of 1048 and 8?
8
Calculate the greatest common factor of 899 and 58.
29
Calculate the highest common divisor of 928 and 29.
29
What is the highest common factor of 216 and 135?
27
What is the highest common divisor of 989 and 46?
23
Calculate the greatest common factor of 6848 and 107.
107
What is the highest common factor of 1820 and 980?
140
Calculate the highest common divisor of 164 and 861.
41
What is the highest common divisor of 28 and 128?
4
Calculate the highest common divisor of 46 and 9062.
46
What is the greatest common divisor of 49 and 1?
1
Calculate the greatest common divisor of 14912 and 128.
64
What is the highest common divisor of 86 and 129?
43
Calculate the highest common divisor of 85 and 663.
17
Calculate the greatest common factor of 1284 and 24.
12
Calculate the highest common factor of 615 and 21.
3
Calculate the highest common divisor of 70 and 80.
10
Calculate the greatest common divisor of 5 and 845.
5
Calculate the greatest common divisor of 292 and 73.
73
What is the highest common divisor of 16 and 496?
16
Calculate the greatest common factor of 105 and 120.
15
What is the greatest common factor of 16 and 1112?
8
Calculate the highest common factor of 14 and 2044.
14
Calculate the greatest common factor of 234 and 612.
18
Calculate the highest common factor of 7493 and 127.
127
Calculate the highest common factor of 4 and 31.
1
What is the highest common divisor of 132 and 42?
6
What is the greatest common divisor of 217 and 21?
7
Calculate the greatest common divisor of 12803 and 217.
217
What is the greatest common factor of 1216 and 38?
38
Calculate the highest common factor of 322 and 14.
14
Calculate the highest common factor of 80 and 455.
5
Calculate the greatest common factor of 17860 and 40.
20
Calculate the greatest common factor of 45 and 6255.
45
What is the greatest common factor of 13483 and 97?
97
What is the greatest common divisor of 1219 and 106?
53
Calculate the highest common divisor of 430 and 2322.
86
What is the highest common factor of 8 and 108?
4
What is the greatest common divisor of 1986 and 6?
6
What is the highest common divisor of 224 and 28?
28
Calculate the greatest common factor of 48 and 16.
16
What is the greatest common divisor of 172 and 500?
4
What is the greatest common factor of 539 and 11?
11
What is the greatest common factor of 28 and 1414?
14
Calculate the greatest common divisor of 1815 and 45.
15
What is the highest common factor of 767 and 117?
13
Calculate the greatest common divisor of 27 and 423.
9
What is the greatest common factor of 4 and 1?
1
Calculate the greatest common factor of 184 and 1334.
46
Calculate the greatest common factor of 4312 and 440.
88
Calculate the highest common divisor of 1 and 859.
1
What is the greatest common divisor of 13785 and 90?
15
Calculate the highest common divisor of 5643 and 19.
19
What is the highest common factor of 164 and 15908?
164
Calculate the highest common factor of 87 and 928.
29
Calculate the greatest common factor of 2323 and 23.
23
What is the greatest common factor of 216 and 10?
2
What is the greatest common divisor of 119 and 3213?
119
What is the highest common factor of 1809 and 297?
27
What is the greatest common divisor of 87 and 21?
3
What is the highest common divisor of 77 and 329?
7
Calculate the highest common divisor of 1081 and 92.
23
What is the highest common factor of 195 and 15?
15
What is the greatest common factor of 57 and 399?
57
Calculate the greatest common factor of 70 and 1022.
14
Calculate the highest common divisor of 341 and 473.
11
What is the highest common factor of 13 and 2?
1
Calculate the greatest common factor of 529 and 207.
23
Calculate the highest common divisor of 125 and 7875.
125
Calculate the greatest common factor of 576 and 2232.
72
What is the greatest common factor of 117 and 15171?
39
Calculate the highest common divisor of 4719 and 195.
39
What is the greatest common factor of 66 and 1078?
22
What is the greatest common factor of 10 and 11640?
10
What is the highest common factor of 46 and 37881?
23
What is the highest common factor of 689 and 4293?
53
What is the highest common factor of 169 and 3588?
13
What is the highest common factor of 17 and 1343?
17
What is the highest common divisor of 427 and 413?
7
Calculate the highest common divisor of 479 and 1.
1
What is the highest common factor of 50 and 4?
2
What is the highest common factor of 4528 and 3113?
283
Calculate the greatest common divisor of 462 and 56.
14
What is the greatest common factor of 203 and 35?